)?
32
Let l(c) = -c**3 + c - 8. Let u be 1/2*(-13 + 13). What is l(u)?
-8
Let m(w) = 5*w**3 - 10*w**2 + 5*w - 24. Let z(s) = 3*s**3 - 5*s**2 + 2*s - 13. Let r(a) = -4*m(a) + 7*z(a). Suppose -3*l - l - 24 = 0. What is r(l)?
5
Let j = 196 - 199. Let h(w) = -w**3 - 5*w**2 + 2*w + 4. Give h(j).
-20
Let n be 3/18 - (-3 - (-26)/12). Let v(t) = 9*t**3 - 2*t + 1. Give v(n).
8
Let a = 2214 + -2219. Suppose 0 = -0*p + 2*p - 20. Let d(g) = -p - 2 - 4*g + 3*g. Calculate d(a).
-7
Let p(x) = -x**2 - 10*x - 10. Let q be ((-12)/(-8))/(78/(-36) - -2). Calculate p(q).
-1
Let y be (-64)/(-12) + 2/3. Suppose r - 4 = 2*b - 3*r, -b - y = -4*r. Let n(k) = 3*k + 4*k - 4*k - k**2 + 0*k**2 - 1. Give n(b).
1
Let c(i) be the first derivative of i**2/2 - 3*i + 15. Let x be 0 + 4 + -1 - 5. Let m(z) = -4*z - 5. Let f be m(x). What is c(f)?
0
Suppose 3*k - 34 - 8 = 0. Let b be (-8 - -11)/((-6)/k). Let g(v) = v**3 + 6*v**2 - 9*v - 10. Calculate g(b).
4
Let o(i) = -i**3 + 2*i**2 + 3*i - 5. Let u be ((-30)/(-4))/(48/32) + -1. What is o(u)?
-25
Let q(g) = 3*g**2 - g + 1. Suppose -2*l + 4 = -4*f, 2*f + 5*l = 2 + 8. Suppose f = 2*u + 3*j - 11, 4*j = u + 4*u + 7. What is q(u)?
3
Let a(c) = -c**2 + c - 3. Let z be -1 - -2 - 4*(-5)/20. Suppose 0 = -z*j + x + 4, -2*j + 5 = 3*j - 5*x. Determine a(j).
-9
Let s(l) = -19*l - 52. Let j be s(-3). Let u(x) = 3*x + 3. What is u(j)?
18
Let i(p) be the third derivative of p**4/6 + p**3/3 - p**2. Let a = 677 - 673. What is i(a)?
18
Let c(u) = 2*u**3 + 0*u**3 - 1 + 67*u - 68*u. Let r(o) = o**3 + 12*o**2 + 11*o - 4. Let d be r(-11). Let t be (-1)/(-1*d/4). Give c(t).
-2
Suppose b + 34 = 55. Let d = -20 + b. Let x(l) = -8*l**2 + l - 1. Calculate x(d).
-8
Let h = 360 - 358. Let c = 43 + -26. Suppose -h*d - c = -2*g - 5*d, d - 36 = -5*g. Let q(k) = -k**3 + 7*k**2 + 1. Calculate q(g).
1
Let t(p) be the third derivative of p**4/6 - p**3/6 + 4*p**2 - 33. Determine t(3).
11
Let c(m) = -11*m - 80. Let j(i) = 11*i + 67. Let l(b) = 5*c(b) + 6*j(b). Calculate l(5).
57
Let b(r) = -r**3 - r**2 + r - 1. Let k(u) = 9*u**2 - 6*u - 5. Let i(o) = b(o) + k(o). Let m be i(7). Let g(y) = 1 - y + 0 + 7*y - m*y. Give g(1).
-1
Let n(w) = 3*w + 9. Suppose -5 = 2*r + 3*r - 5*d, 0 = -d - 4. Let a be (4/r)/((-28)/(-210)). Determine n(a).
-9
Let x(j) be the third derivative of -j**5/60 + j**4/3 - 7*j**3/6 + 14*j**2. What is x(7)?
0
Let u(d) = d**3 - 18*d**2 + 7. Let q be (((-648)/(-30))/6)/(1/5). Let t be u(q). Let i(k) = k**3 - 6*k**2 - 7*k + 2. Determine i(t).
2
Let r(k) = 3*k + 12. Let f be r(-5). Let h be (-2)/((-172)/164 + 1). Let l(i) = 3 - 1 + 40*i - h*i. Calculate l(f).
5
Suppose -2*m - 6 = -3*m. Let q = 13 - m. Let o(i) be the second derivative of -i**5/20 + 2*i**4/3 - i**3 - 5*i**2 + 154*i. What is o(q)?
-3
Suppose -3*p + 5*s = -8, -2*s - s = 3. Let w be -5 + p - (-252)/12. Let i(v) = 5*v - 2. Let k(q) = 14*q - 6. Let l(z) = w*i(z) - 6*k(z). Calculate l(-5).
-3
Let g(b) = 6*b + 1 + b**2 + 0 + 5. Let s(r) = -3*r + 12. Let o(y) = 8*y - 35. Let q(z) = -4*o(z) - 11*s(z). Let d be q(-12). Determine g(d).
-2
Let o(h) = -h**2 + 6*h + 4. Let g(d) = -d**2 + d - 1. Let i(m) = 2*g(m) - o(m). Give i(-4).
-6
Suppose 33 = -14*f + 17*f. Let x(h) = h**3 - 12*h**2 + 9*h + 8. Calculate x(f).
-14
Let t = -2165 + 2168. Let h(r) = r - 12. Give h(t).
-9
Let u be 6 - (20/(-6))/(55/(-198)). Let z(p) = p**3 + 6*p**2 + 8*p. Give z(u).
-48
Let g(v) = -6*v**3 - 7*v**2 + v - 1. Let z(s) = -5*s**3 - 7*s**2 - s - 1. Let j be (1/3)/(2/(-24)). Let r(b) = j*g(b) + 5*z(b). Calculate r(-6).
17
Let f(o) be the second derivative of -o**4/6 - 2*o**3 - o**2 - 2*o + 111. Determine f(-6).
-2
Let q(u) = 16*u + 10. Let d(m) = 4*m + 3. Let h(z) = -9*d(z) + 2*q(z). Give h(-3).
5
Let h(f) = -7*f + 9. Let z(m) = -14*m + 18. Let u(w) = -9*h(w) + 4*z(w). Let g(o) = 4*o - 5. Let t(s) = 5*g(s) - 3*u(s). What is t(-2)?
4
Let w(p) = 6*p - 2. Let h = 54 + -35. Let f = -15 + h. Suppose 4*r - r + 3 = 3*n, f*r - n - 5 = 0. What is w(r)?
10
Let s be (3/6)/1*-4. Let d = s - -29. Suppose j - v - 2*v = 1, v = -5*j - d. Let x(q) = q**3 + 5*q**2 - q - 5. What is x(j)?
0
Let o(m) = m**2 - 2*m - 1. Let p(f) = -3*f**2 + 4*f + 9. Let q(w) = 4*o(w) + p(w). Let d(b) = b**3 + 3*b**2 - 6*b - 4. Let y be d(-4). Give q(y).
5
Let b(n) be the first derivative of -n**2/2 - 11*n - 22. Suppose -30 = 12*d - 7*d. Calculate b(d).
-5
Let x(d) = -16*d - 434. Let t be x(-27). Let f(q) = -2*q**2 - q + 2. Let p be f(-2). Let s be (-3 - t)/(4/p). Let h(v) = 5*v. What is h(s)?
5
Let l(p) = p + 20. Let a(t) = t**3 + 44*t**2 + 2*t + 82. Let o be a(-44). Give l(o).
14
Suppose 0*a = 4*a. Let y(o) be the third derivative of 4*o**2 + 1/24*o**4 + 5/6*o**3 + 0 + 0*o. Determine y(a).
5
Let g(p) be the third derivative of -p**4/12 + 4*p**3/3 + 6*p**2. Calculate g(6).
-4
Let n(z) be the third derivative of z**5/60 - z**4/8 - 2*z**3 - 54*z**2 + 2*z. Give n(5).
-2
Let p(s) = 3*s + 1. Let n(v) = -v**3 + 12*v**2 + 14*v - 23. Let w be n(13). Let f be (-2)/(-4) - (-15)/w. Determine p(f).
-2
Let s(a) = 11*a**3 + a**2. Let r = 446 - 446. Suppose -5*y + 2*y + 5*x + 6 = 0, 8 = 4*y - x. Suppose r = -4*j - 2 - y. What is s(j)?
-10
Suppose 18 = -2*d + 12. Let v(s) = 3*s - 3. Give v(d).
-12
Let p(i) = -i + 5. Let b(j) = j**3 + 8*j**2 + 10*j + 8. Let g be b(-6). Suppose 4*v - 4*y = -g, 0 = 4*v + 4*y - 15 - 5. Determine p(v).
5
Let l(y) = y**2 + 11*y + 14. Let p be l(-10). Suppose -5*x = 25, 3*c + x + 10 = -p*x. Let s(j) = -3 + 16*j**3 + 6*j**2 + 1 - 17*j**3 - 6*j. What is s(c)?
-7
Let o = 1873 - 1880. Let f(y) = -y**3 - 8*y**2 - 5*y - 3. Calculate f(o).
-17
Suppose 13*i = -q + 11*i + 3, -3*i = q - 4. Let n(v) be the first derivative of v - 1/4*v**4 - q - v**3 + 0*v**2. What is n(-2)?
-3
Let h(f) = -1 + 0 + 4*f**3 + 2*f + 2*f**2 + 2. Let c = 260 - 261. Give h(c).
-3
Suppose 4*y = -4*i + 168, 4*i - 124 = -6*y + 3*y. Suppose -y*d = -43*d + 5. Let o(k) = k**3 + 5*k**2 - k - 2. Determine o(d).
3
Let x be (-8)/28 + 313/(-7). Let f = -39 - x. Let j(r) = r**3 - 6*r**2 - 3*r + 7. Calculate j(f).
-11
Let m(p) = 2*p + 10. Let x be (-12)/48 - (-115)/(-20). Determine m(x).
-2
Let i(l) = -l**2 - 4*l - 1. Let m be -4*(5/2 - 3). Let k = m + -7. Determine i(k).
-6
Suppose t - 9 = -g - 2, 5*t - 4*g - 62 = 0. Let y(i) = -3 + 9*i - 1 - t*i. Give y(-3).
-1
Let n be ((3 - 12) + 9)/(1 - 5). Let o(i) = i + 1. Determine o(n).
1
Let s = 18 - 10. Let z(v) = s + v + 4*v**3 - v**3 - 2*v**3. What is z(0)?
8
Let t(r) = r**3 + 20*r - 30*r + 7 + 8*r**2 + 14*r + 13 + 8. Calculate t(-8).
-4
Let c(m) = -5*m**2 + 11*m + 13. Let d(p) = -6*p + 3*p**2 - p - 7 + p. Let g = -694 - -687. Let s(u) = g*d(u) - 4*c(u). Calculate s(-4).
-11
Let w(x) = x**3 - 3*x**2 + 4*x + 1. Let t = -192 + 194. Calculate w(t).
5
Let d(i) = -11*i**2. Let u(c) = -9*c**2 + c - 1. Let g(q) = 4*d(q) - 5*u(q). What is g(4)?
1
Let d(v) = -v - 4. Let c be d(-6). Let n(z) = -z - 4*z**2 - 1 + 0*z + z**3 + 0*z**3. Let g(w) = -w**3 + 1. Let y(i) = c*g(i) + n(i). What is y(-3)?
-5
Let j(n) = -2*n - 5. Let c(y) = -4*y**2 - 3*y + 4. Let u(m) = -5*m**2 - 4*m + 4. Let w(f) = 4*c(f) - 3*u(f). Let s be w(-3). Determine j(s).
5
Let q(c) = -17*c**2 - 6*c + 1. Let d(b) = -49*b**2 - 17*b + 3. Let o(a) = -6*d(a) + 17*q(a). Give o(-1).
4
Let x = 186 + -184. Suppose 5*n - 32 + x = 0. Let c(b) = b**3 + 2 - 7*b - 2*b**2 + 5 - 3*b**2. Determine c(n).
1
Let f(r) = r**3 - 2*r**2 + 2*r. Let c be f(2). Let w(d) = 35 - 2*d + 25 - 58. Calculate w(c).
-6
Let i(g) = g - 6. Let c = -3 + 8. Suppose -6 = y - 3*n, c*y + 1 = n - 1. Suppose -3*a - a = y. What is i(a)?
-6
Suppose 18 = -13*w + 5. Let p(m) = -4*m**3 - 2*m**2 - 2*m - 1. Calculate p(w).
3
Let t = 77 - 77. Let a = 5 - t. Let y(f) = 0*f + 4 - 3*f + 2. Give y(a).
-9
Let g(q) = q**3 + 2*q**2 + 2. Let c(d) = d**2 - 7*d + 8. Let y be c(6). Suppose 0 = o - 5*w + 27, -o - 4*o - y*w = 0. Determine g(o).
2
Let r(z) be the third derivative of z**5/60 + z**4/3 - 4*z**3/3 - 23*z**2. Let h be ((-48)/16)/(-1 + 4/3). What is r(h)?
1
Suppose 580 = -10*m + 520. Let i(a) = a**3 + 3*a**2 - 9*a - 4. What is i(m)?
-58
Let x = -88 - -75. Let d(u) = 5*u**3 - 11*u**2 - 6*u - 4. Let s(f) = 11*f**3 - 23*f**2 - 13*f - 8. Let h(g) = x*d(g) + 6*s(g). Calculate h(-5).
4
Let r be 72/(-12)*16/(-6). Suppose 0 = -2*y - 24 - r. Let t = y + 18. Let q(a)